{"id":444,"date":"2023-02-08T15:06:08","date_gmt":"2023-02-08T13:06:08","guid":{"rendered":"http:\/\/ec2-3-208-88-64.compute-1.amazonaws.com\/?page_id=444"},"modified":"2023-02-15T17:44:52","modified_gmt":"2023-02-15T15:44:52","slug":"qui-sommes-nous","status":"publish","type":"page","link":"https:\/\/cneb.bi\/index.php\/qui-sommes-nous\/","title":{"rendered":"QUI SOMMES NOUS"},"content":{"rendered":"\t\t<div data-elementor-type=\"wp-page\" data-elementor-id=\"444\" class=\"elementor elementor-444\">\n\t\t\t\t\t\t<section class=\"elementor-section elementor-top-section elementor-element elementor-element-3127be07 elementor-section-full_width elementor-section-height-full elementor-section-height-default elementor-section-items-middle elementor-invisible\" data-id=\"3127be07\" data-element_type=\"section\" data-settings=\"{&quot;background_background&quot;:&quot;slideshow&quot;,&quot;background_slideshow_gallery&quot;:[{&quot;id&quot;:360,&quot;url&quot;:&quot;https:\\\/\\\/cneb.bi\\\/wp-content\\\/uploads\\\/2023\\\/02\\\/DSC05268-scaled-1.jpg&quot;}],&quot;background_slideshow_transition_duration&quot;:1000,&quot;animation&quot;:&quot;fadeIn&quot;,&quot;background_slideshow_loop&quot;:&quot;yes&quot;,&quot;background_slideshow_slide_duration&quot;:5000,&quot;background_slideshow_slide_transition&quot;:&quot;fade&quot;}\">\n\t\t\t\t\t\t<div class=\"elementor-container elementor-column-gap-default\">\n\t\t\t\t\t<div class=\"elementor-column elementor-col-100 elementor-top-column elementor-element elementor-element-4a5a3510\" data-id=\"4a5a3510\" data-element_type=\"column\">\n\t\t\t<div class=\"elementor-widget-wrap elementor-element-populated\">\n\t\t\t\t\t\t<div class=\"elementor-element elementor-element-9f78163 elementor-widget__width-initial elementor-invisible elementor-widget elementor-widget-heading\" data-id=\"9f78163\" data-element_type=\"widget\" data-settings=\"{&quot;_animation&quot;:&quot;slideInDown&quot;}\" data-widget_type=\"heading.default\">\n\t\t\t\t<div class=\"elementor-widget-container\">\n\t\t\t<style>\/*! elementor - v3.22.0 - 16-06-2024 *\/\n.elementor-heading-title{padding:0;margin:0;line-height:1}.elementor-widget-heading .elementor-heading-title[class*=elementor-size-]>a{color:inherit;font-size:inherit;line-height:inherit}.elementor-widget-heading .elementor-heading-title.elementor-size-small{font-size:15px}.elementor-widget-heading .elementor-heading-title.elementor-size-medium{font-size:19px}.elementor-widget-heading .elementor-heading-title.elementor-size-large{font-size:29px}.elementor-widget-heading .elementor-heading-title.elementor-size-xl{font-size:39px}.elementor-widget-heading .elementor-heading-title.elementor-size-xxl{font-size:59px}<\/style><h1 class=\"elementor-heading-title elementor-size-default\">QUI SOMMES NOUS<\/h1>\t\t<\/div>\n\t\t\t\t<\/div>\n\t\t\t\t\t<\/div>\n\t\t<\/div>\n\t\t\t\t\t<\/div>\n\t\t<\/section>\n\t\t\t\t<section class=\"elementor-section elementor-top-section elementor-element elementor-element-4afb9025 elementor-section-boxed elementor-section-height-default elementor-section-height-default\" data-id=\"4afb9025\" data-element_type=\"section\" data-settings=\"{&quot;background_background&quot;:&quot;classic&quot;}\">\n\t\t\t\t\t\t<div class=\"elementor-container elementor-column-gap-default\">\n\t\t\t\t\t<div class=\"elementor-column elementor-col-50 elementor-top-column elementor-element elementor-element-6864ddb6\" data-id=\"6864ddb6\" data-element_type=\"column\">\n\t\t\t<div class=\"elementor-widget-wrap elementor-element-populated\">\n\t\t\t\t\t\t<div class=\"elementor-element elementor-element-12513892 elementor-invisible elementor-widget elementor-widget-image\" data-id=\"12513892\" data-element_type=\"widget\" data-settings=\"{&quot;_animation&quot;:&quot;fadeIn&quot;}\" data-widget_type=\"image.default\">\n\t\t\t\t<div class=\"elementor-widget-container\">\n\t\t\t<style>\/*! elementor - v3.22.0 - 16-06-2024 *\/\n.elementor-widget-image{text-align:center}.elementor-widget-image a{display:inline-block}.elementor-widget-image a img[src$=\".svg\"]{width:48px}.elementor-widget-image img{vertical-align:middle;display:inline-block}<\/style>\t\t\t\t\t\t\t\t\t\t<img decoding=\"async\" width=\"109\" height=\"121\" src=\"https:\/\/cneb.bi\/wp-content\/uploads\/2023\/02\/cneb-logo.png\" class=\"attachment-medium size-medium wp-image-460\" alt=\"\" \/>\t\t\t\t\t\t\t\t\t\t\t\t\t<\/div>\n\t\t\t\t<\/div>\n\t\t\t\t<div class=\"elementor-element elementor-element-2fe77531 elementor-invisible elementor-widget elementor-widget-heading\" data-id=\"2fe77531\" data-element_type=\"widget\" data-settings=\"{&quot;_animation&quot;:&quot;fadeIn&quot;}\" data-widget_type=\"heading.default\">\n\t\t\t\t<div class=\"elementor-widget-container\">\n\t\t\t<h2 class=\"elementor-heading-title elementor-size-default\">Le Conseil National des Eglises du Burundi<\/h2>\t\t<\/div>\n\t\t\t\t<\/div>\n\t\t\t\t<div class=\"elementor-element elementor-element-4bbf9bed elementor-invisible elementor-widget elementor-widget-heading\" data-id=\"4bbf9bed\" data-element_type=\"widget\" data-settings=\"{&quot;_animation&quot;:&quot;fadeIn&quot;}\" data-widget_type=\"heading.default\">\n\t\t\t\t<div class=\"elementor-widget-container\">\n\t\t\t<h2 class=\"elementor-heading-title elementor-size-default\">(CNEB en sigle)<\/h2>\t\t<\/div>\n\t\t\t\t<\/div>\n\t\t\t\t\t<\/div>\n\t\t<\/div>\n\t\t\t\t<div class=\"elementor-column elementor-col-50 elementor-top-column elementor-element elementor-element-22872d4c\" data-id=\"22872d4c\" data-element_type=\"column\">\n\t\t\t<div class=\"elementor-widget-wrap elementor-element-populated\">\n\t\t\t\t\t\t<div class=\"elementor-element elementor-element-4de2d817 elementor-invisible elementor-widget elementor-widget-text-editor\" data-id=\"4de2d817\" data-element_type=\"widget\" data-settings=\"{&quot;_animation&quot;:&quot;fadeIn&quot;}\" data-widget_type=\"text-editor.default\">\n\t\t\t\t<div class=\"elementor-widget-container\">\n\t\t\t<style>\/*! elementor - v3.22.0 - 16-06-2024 *\/\n.elementor-widget-text-editor.elementor-drop-cap-view-stacked .elementor-drop-cap{background-color:#69727d;color:#fff}.elementor-widget-text-editor.elementor-drop-cap-view-framed .elementor-drop-cap{color:#69727d;border:3px solid;background-color:transparent}.elementor-widget-text-editor:not(.elementor-drop-cap-view-default) .elementor-drop-cap{margin-top:8px}.elementor-widget-text-editor:not(.elementor-drop-cap-view-default) .elementor-drop-cap-letter{width:1em;height:1em}.elementor-widget-text-editor .elementor-drop-cap{float:left;text-align:center;line-height:1;font-size:50px}.elementor-widget-text-editor .elementor-drop-cap-letter{display:inline-block}<\/style>\t\t\t\t<p>Est une organisation religieuse qui a \u00e9t\u00e9 cr\u00e9\u00e9e en 1935 sous le nom d\u2019Alliance des Eglises Protestantes du Ruanda-Urundi. Apr\u00e8s l\u2019ind\u00e9pendance, elle est devenue Alliance Protestante du Burundi, pour redevenir Conseil National des Eglises du Burundi sous l\u2019ordonnance Minist\u00e9rielle no 550\/083\/89 du 29 mars 1989. Il collabore avec la Conf\u00e9rence des Eglises de Toute l\u2019Afrique (CETA), le Conseil \u0152cum\u00e9nique des Eglises (COE) et est membre de Fellowship of christian Council and churches in the Great Lakes and Horn of Africa (FECCLAHA). Le CNEB collabore avec d\u2019autres r\u00e9seaux et organisations \u00e0 base de foi au niveau national et international.<\/p><p>Il est compos\u00e9 de sept (7) anciennes Eglises qui travaillent sur toutes les collines du territoire national \u00e0 savoir\u00a0: Neuf dioc\u00e8ses de l\u2019Eglise Anglicane (Bujumbura, Buye, Gitega, Matana, Muyinga, Makamba, Rumonge, Rutana et Buhiga), l\u2019Eglise M\u00e9thodiste Libre (EML), l\u2019Eglise M\u00e9thodiste Unie du Burundi (EMUBU), l\u2019Eglise Evang\u00e9lique des Amis (EEA), l\u2019Eglise Evang\u00e9lique Luth\u00e9rienne, l\u2019Union des Eglises Baptistes du Burundi (UEBB) et l\u2019Eglise Kimbanguiste. \u00a0Le CNEB est membre du leadership dirigeant des forums des confessions religieuses incluant l\u2019Eglise Catholique et les Musulmans en assurant la co-pr\u00e9sidence du CICB (Conseil Inter- Confessionnel du Burundi) d\u2019une part et en coordonnant les travaux du forum de la Famille Protestante du Burundi (voir les listes de pr\u00e9sences de certaines activit\u00e9s ainsi que les photos).<\/p>\t\t\t\t\t\t<\/div>\n\t\t\t\t<\/div>\n\t\t\t\t\t<\/div>\n\t\t<\/div>\n\t\t\t\t\t<\/div>\n\t\t<\/section>\n\t\t\t\t<section class=\"elementor-section elementor-top-section elementor-element elementor-element-24857cdc elementor-section-boxed elementor-section-height-default elementor-section-height-default\" data-id=\"24857cdc\" data-element_type=\"section\">\n\t\t\t\t\t\t<div class=\"elementor-container elementor-column-gap-default\">\n\t\t\t\t\t<div class=\"elementor-column elementor-col-33 elementor-top-column elementor-element elementor-element-59298bd5\" data-id=\"59298bd5\" data-element_type=\"column\">\n\t\t\t<div class=\"elementor-widget-wrap elementor-element-populated\">\n\t\t\t\t\t\t<div class=\"elementor-element elementor-element-33773404 elementor-widget elementor-widget-heading\" data-id=\"33773404\" data-element_type=\"widget\" data-widget_type=\"heading.default\">\n\t\t\t\t<div class=\"elementor-widget-container\">\n\t\t\t<h4 class=\"elementor-heading-title elementor-size-default\">NOS VALEURS<\/h4>\t\t<\/div>\n\t\t\t\t<\/div>\n\t\t\t\t<div class=\"elementor-element elementor-element-32649bf9 elementor-widget elementor-widget-heading\" data-id=\"32649bf9\" data-element_type=\"widget\" data-widget_type=\"heading.default\">\n\t\t\t\t<div class=\"elementor-widget-container\">\n\t\t\t<p class=\"elementor-heading-title elementor-size-default\">CNEB croit profond\u00e9ment en \u00ab AUDSI \u00bb :<\/p>\t\t<\/div>\n\t\t\t\t<\/div>\n\t\t\t\t<div class=\"elementor-element elementor-element-2ef2af62 elementor-widget elementor-widget-text-editor\" data-id=\"2ef2af62\" data-element_type=\"widget\" data-widget_type=\"text-editor.default\">\n\t\t\t\t<div class=\"elementor-widget-container\">\n\t\t\t\t\t\t\t<ul><li>AMOUR : CNEB sert toujours avec passion et compassion<\/li><li>UNITE : CNEB valorise l\u2019unit\u00e9, de sorte que chaque personne vive en harmonie avec les autres<\/li><li>CNEB respecte la vie humaine cr\u00e9\u00e9e \u00e0 l\u2019image de Dieu sans distinction aucune<\/li><li>SERVIABILITE : CNEB valorise la serviabilit\u00e9 et cherche toujours \u00e0 partager les ressources \u00e0 sa disposition avec tout le monde sans consid\u00e9ration des groupes ethniques, de l&#8217;appartenance politique ou de la religion<\/li><li>INTENDANCE : CNEB valorise la transparence et l&#8217;honn\u00eatet\u00e9 dans l&#8217;utilisation de ses ressources car il doit \u00eatre un bon gestionnaire.<\/li><\/ul>\t\t\t\t\t\t<\/div>\n\t\t\t\t<\/div>\n\t\t\t\t\t<\/div>\n\t\t<\/div>\n\t\t\t\t<div class=\"elementor-column elementor-col-33 elementor-top-column elementor-element elementor-element-6a202123\" data-id=\"6a202123\" data-element_type=\"column\">\n\t\t\t<div class=\"elementor-widget-wrap elementor-element-populated\">\n\t\t\t\t\t\t<div class=\"elementor-element elementor-element-1face6c4 elementor-widget elementor-widget-heading\" data-id=\"1face6c4\" data-element_type=\"widget\" data-widget_type=\"heading.default\">\n\t\t\t\t<div class=\"elementor-widget-container\">\n\t\t\t<h4 class=\"elementor-heading-title elementor-size-default\">Objectif global<\/h4>\t\t<\/div>\n\t\t\t\t<\/div>\n\t\t\t\t<div class=\"elementor-element elementor-element-702b9921 elementor-widget elementor-widget-text-editor\" data-id=\"702b9921\" data-element_type=\"widget\" data-widget_type=\"text-editor.default\">\n\t\t\t\t<div class=\"elementor-widget-container\">\n\t\t\t\t\t\t\t<p>Contribuer au d\u00e9veloppement holistique de la population burundaise<\/p>\t\t\t\t\t\t<\/div>\n\t\t\t\t<\/div>\n\t\t\t\t\t<\/div>\n\t\t<\/div>\n\t\t\t\t<div class=\"elementor-column elementor-col-33 elementor-top-column elementor-element elementor-element-429608f8\" data-id=\"429608f8\" data-element_type=\"column\">\n\t\t\t<div class=\"elementor-widget-wrap elementor-element-populated\">\n\t\t\t\t\t\t<div class=\"elementor-element elementor-element-7bfa4a2e elementor-widget elementor-widget-heading\" data-id=\"7bfa4a2e\" data-element_type=\"widget\" data-widget_type=\"heading.default\">\n\t\t\t\t<div class=\"elementor-widget-container\">\n\t\t\t<h4 class=\"elementor-heading-title elementor-size-default\">Objectifs sp\u00e9cifiques<\/h4>\t\t<\/div>\n\t\t\t\t<\/div>\n\t\t\t\t<div class=\"elementor-element elementor-element-762c327 elementor-widget elementor-widget-text-editor\" data-id=\"762c327\" data-element_type=\"widget\" data-widget_type=\"text-editor.default\">\n\t\t\t\t<div class=\"elementor-widget-container\">\n\t\t\t\t\t\t\t<ul><li>Conjuguer les efforts d\u2019\u00e9vang\u00e9lisation pour l\u2019accomplissement du command<\/li><li>ement de notre Seigneur et Sauveur J\u00e9sus-Christ (Mathieu 28 :19)<\/li><li>Renforcer l\u2019unit\u00e9 entre les Eglises dans le respect de la diversit\u00e9 de leurs doctrines (Jean 7 : 21)<\/li><li>Etablir \u00e0 travers le pays un dialogue permanent ouvert aux \u00e9glises et a toutes associations chr\u00e9tiennes qui confessent la m\u00eame foi<\/li><li>Encadrer les communaut\u00e9s \u00e0 la base et appuyer leurs initiatives pour le d\u00e9veloppement spirituel et socio-\u00e9conomique<\/li><li>Promouvoir le plaidoyer et lobbing pour la justice et la paix<\/li><li>Mettre en place des m\u00e9canismes de m\u00e9diation et r\u00e9solution des conf<\/li><li>Promouvoir la strat\u00e9gie de la diplomatie secr\u00e8te (Quiet Diplomacy) pour r\u00e9soudre certains conflits d\u2019ordre national<\/li><\/ul>\t\t\t\t\t\t<\/div>\n\t\t\t\t<\/div>\n\t\t\t\t\t<\/div>\n\t\t<\/div>\n\t\t\t\t\t<\/div>\n\t\t<\/section>\n\t\t\t\t<section class=\"elementor-section elementor-top-section elementor-element elementor-element-420bfd5c elementor-section-boxed elementor-section-height-default elementor-section-height-default\" data-id=\"420bfd5c\" data-element_type=\"section\">\n\t\t\t\t\t\t<div class=\"elementor-container elementor-column-gap-default\">\n\t\t\t\t\t<div class=\"elementor-column elementor-col-50 elementor-top-column elementor-element elementor-element-371df30b\" data-id=\"371df30b\" data-element_type=\"column\">\n\t\t\t<div class=\"elementor-widget-wrap elementor-element-populated\">\n\t\t\t\t\t\t<div class=\"elementor-element elementor-element-2f3ff68e elementor-widget elementor-widget-heading\" data-id=\"2f3ff68e\" data-element_type=\"widget\" data-widget_type=\"heading.default\">\n\t\t\t\t<div class=\"elementor-widget-container\">\n\t\t\t<h4 class=\"elementor-heading-title elementor-size-default\">NOS PARTENAIRE ET PARTIES PRENANTES<\/h4>\t\t<\/div>\n\t\t\t\t<\/div>\n\t\t\t\t<div class=\"elementor-element elementor-element-68930323 elementor-widget elementor-widget-text-editor\" data-id=\"68930323\" data-element_type=\"widget\" data-widget_type=\"text-editor.default\">\n\t\t\t\t<div class=\"elementor-widget-container\">\n\t\t\t\t\t\t\t<ul><li>Les Confessions Religieuses<\/li><li>Les conseils des Eglises nationaux et r\u00e9gionaux<\/li><li>Les partenaires \u0152cum\u00e9niques<\/li><li>Les organisations de la soci\u00e9t\u00e9 civile<\/li><li>Les Gouvernements et les institutions multilat\u00e9rales<\/li><li>Les entreprises priv\u00e9es, et les Burundais de la diaspora<\/li><li>Les Ambassades au Burundi<\/li><li>Les organisations internationales et agences de d\u00e9veloppement dont Norvegian Church Aid (NCA), Christian Aid (CA), American Friends Service Comittee (AFSC), World Council of Churches (WCC), EDAN, OHIO INSTITUT, FECCLAHA, EIRENE, CETA, FLM, etc&#8230;<\/li><li>En 2014, le CNEB a aussi \u00e9t\u00e9 un bon partenaire de l\u2019UNICEF sous un projet \u00ab Etude des connaissances, Attitudes et Pratiques des Eglises en mati\u00e8re de la Survie et du D\u00e9veloppement de l\u2019Enfant &#8220;CAPESDE&#8221; \u00bb<\/li><\/ul>\t\t\t\t\t\t<\/div>\n\t\t\t\t<\/div>\n\t\t\t\t\t<\/div>\n\t\t<\/div>\n\t\t\t\t<div class=\"elementor-column elementor-col-50 elementor-top-column elementor-element elementor-element-4d05cb4a\" data-id=\"4d05cb4a\" data-element_type=\"column\">\n\t\t\t<div class=\"elementor-widget-wrap elementor-element-populated\">\n\t\t\t\t\t\t<div class=\"elementor-element elementor-element-3023a223 elementor-widget elementor-widget-heading\" data-id=\"3023a223\" data-element_type=\"widget\" data-widget_type=\"heading.default\">\n\t\t\t\t<div class=\"elementor-widget-container\">\n\t\t\t<h4 class=\"elementor-heading-title elementor-size-default\">PILIERS PROGRAMMATIQUES<\/h4>\t\t<\/div>\n\t\t\t\t<\/div>\n\t\t\t\t<div class=\"elementor-element elementor-element-9df8a51 elementor-widget elementor-widget-text-editor\" data-id=\"9df8a51\" data-element_type=\"widget\" data-widget_type=\"text-editor.default\">\n\t\t\t\t<div class=\"elementor-widget-container\">\n\t\t\t\t\t\t\t<p>Le domaine d\u2019intervention du CNEB est {&#8216; &#8216;}\u00a0<b>le renforcement des structures communautaires de base<\/b>. Les b\u00e9n\u00e9ficiaires directs des actions du CNEB sont les femmes, les jeunes, les vuln\u00e9rables et la communaut\u00e9 en g\u00e9n\u00e9ral. CNEB travaille directement avec les forums des femmes, les forums des jeunes, les structures communautaires de base, les m\u00e9nages ainsi que les agents de changement. Notre philosophie d\u2019intervention est bas\u00e9e sur \u00ab\u00a0<b>la voix proph\u00e9tique et la mission int\u00e9grale\u00a0<\/b>\u00bb. Trois axes strat\u00e9giques \u00ab 3R \u00bb sont au c\u0153ur de nos actions pour ces cinq prochaines ann\u00e9es, il s\u2019agit de REPA ; RECO et RECLI respectivement de la R\u00e9silience Pacifique, R\u00e9silience Communautaire et la R\u00e9silience Climatique avec des orientations d\u2019actions \u00e0 volets sp\u00e9cifiques.<\/p>\t\t\t\t\t\t<\/div>\n\t\t\t\t<\/div>\n\t\t\t\t\t<\/div>\n\t\t<\/div>\n\t\t\t\t\t<\/div>\n\t\t<\/section>\n\t\t\t\t<\/div>\n\t\t","protected":false},"excerpt":{"rendered":"<p>QUI SOMMES NOUS Le Conseil National des Eglises du Burundi (CNEB en sigle) Est une organisation religieuse qui a \u00e9t\u00e9 cr\u00e9\u00e9e en 1935 sous le nom d\u2019Alliance des Eglises Protestantes du Ruanda-Urundi. Apr\u00e8s l\u2019ind\u00e9pendance, elle est devenue Alliance Protestante du Burundi, pour redevenir Conseil National des Eglises du Burundi sous l\u2019ordonnance Minist\u00e9rielle no 550\/083\/89 du [&hellip;]<\/p>\n","protected":false},"author":1,"featured_media":0,"parent":0,"menu_order":0,"comment_status":"closed","ping_status":"closed","template":"elementor_header_footer","meta":{"footnotes":""},"class_list":["post-444","page","type-page","status-publish","hentry"],"rttpg_featured_image_url":null,"rttpg_author":{"display_name":"admin","author_link":"https:\/\/cneb.bi\/index.php\/author\/admin\/"},"rttpg_comment":0,"rttpg_category":null,"rttpg_excerpt":"QUI SOMMES NOUS Le Conseil National des Eglises du Burundi (CNEB en sigle) Est une organisation religieuse qui a \u00e9t\u00e9 cr\u00e9\u00e9e en 1935 sous le nom d\u2019Alliance des Eglises Protestantes du Ruanda-Urundi. Apr\u00e8s l\u2019ind\u00e9pendance, elle est devenue Alliance Protestante du Burundi, pour redevenir Conseil National des Eglises du Burundi sous l\u2019ordonnance Minist\u00e9rielle no 550\/083\/89 du&hellip;","_links":{"self":[{"href":"https:\/\/cneb.bi\/index.php\/wp-json\/wp\/v2\/pages\/444","targetHints":{"allow":["GET"]}}],"collection":[{"href":"https:\/\/cneb.bi\/index.php\/wp-json\/wp\/v2\/pages"}],"about":[{"href":"https:\/\/cneb.bi\/index.php\/wp-json\/wp\/v2\/types\/page"}],"author":[{"embeddable":true,"href":"https:\/\/cneb.bi\/index.php\/wp-json\/wp\/v2\/users\/1"}],"replies":[{"embeddable":true,"href":"https:\/\/cneb.bi\/index.php\/wp-json\/wp\/v2\/comments?post=444"}],"version-history":[{"count":35,"href":"https:\/\/cneb.bi\/index.php\/wp-json\/wp\/v2\/pages\/444\/revisions"}],"predecessor-version":[{"id":1127,"href":"https:\/\/cneb.bi\/index.php\/wp-json\/wp\/v2\/pages\/444\/revisions\/1127"}],"wp:attachment":[{"href":"https:\/\/cneb.bi\/index.php\/wp-json\/wp\/v2\/media?parent=444"}],"curies":[{"name":"wp","href":"https:\/\/api.w.org\/{rel}","templated":true}]}}